{"id":1159,"date":"2023-08-08T04:02:34","date_gmt":"2023-08-08T04:02:34","guid":{"rendered":"https:\/\/casadelllibre.anamarnatural.com\/index.php\/producto\/les-emocions-den-gasto-les-meves-emocions-i-jo-catala-a-partir-de-3-anys-llibres-didactics-llibres-democions\/"},"modified":"2024-09-07T03:02:18","modified_gmt":"2024-09-07T03:02:18","slug":"les-emocions-den-gasto-les-meves-emocions-i-jo-catala-a-partir-de-3-anys-llibres-didactics-llibres-democions","status":"publish","type":"product","link":"https:\/\/casadelllibre.anamarnatural.com\/index.php\/producto\/les-emocions-den-gasto-les-meves-emocions-i-jo-catala-a-partir-de-3-anys-llibres-didactics-llibres-democions\/","title":{"rendered":"Les emocions d&#8217;en Gast\u00f3. Les meves emocions i jo (Catal\u00e1 &#8211; A PARTIR DE 3 ANYS &#8211; LLIBRES DID\u00c0CTICS &#8211; Llibres d\u00b4emocions)"},"content":{"rendered":"","protected":false},"excerpt":{"rendered":"","protected":false},"featured_media":1158,"comment_status":"open","ping_status":"closed","template":"","meta":[],"product_brand":[],"product_cat":[15],"product_tag":[],"class_list":{"0":"post-1159","1":"product","2":"type-product","3":"status-publish","4":"has-post-thumbnail","6":"product_cat-sin-categorizar","8":"first","9":"instock","10":"sale","11":"taxable","12":"shipping-taxable","13":"product-type-external"},"jetpack_sharing_enabled":true,"_links":{"self":[{"href":"https:\/\/casadelllibre.anamarnatural.com\/index.php\/wp-json\/wp\/v2\/product\/1159","targetHints":{"allow":["GET"]}}],"collection":[{"href":"https:\/\/casadelllibre.anamarnatural.com\/index.php\/wp-json\/wp\/v2\/product"}],"about":[{"href":"https:\/\/casadelllibre.anamarnatural.com\/index.php\/wp-json\/wp\/v2\/types\/product"}],"replies":[{"embeddable":true,"href":"https:\/\/casadelllibre.anamarnatural.com\/index.php\/wp-json\/wp\/v2\/comments?post=1159"}],"wp:featuredmedia":[{"embeddable":true,"href":"https:\/\/casadelllibre.anamarnatural.com\/index.php\/wp-json\/wp\/v2\/media\/1158"}],"wp:attachment":[{"href":"https:\/\/casadelllibre.anamarnatural.com\/index.php\/wp-json\/wp\/v2\/media?parent=1159"}],"wp:term":[{"taxonomy":"product_brand","embeddable":true,"href":"https:\/\/casadelllibre.anamarnatural.com\/index.php\/wp-json\/wp\/v2\/product_brand?post=1159"},{"taxonomy":"product_cat","embeddable":true,"href":"https:\/\/casadelllibre.anamarnatural.com\/index.php\/wp-json\/wp\/v2\/product_cat?post=1159"},{"taxonomy":"product_tag","embeddable":true,"href":"https:\/\/casadelllibre.anamarnatural.com\/index.php\/wp-json\/wp\/v2\/product_tag?post=1159"}],"curies":[{"name":"wp","href":"https:\/\/api.w.org\/{rel}","templated":true}]}}

Les emocions d&#8217;en Gastó. Les meves emocions i jo (Catalá &#8211; A PARTIR DE 3 ANYS &#8211; LLIBRES DIDÀCTICS &#8211; Llibres d´emocions)
