{"id":1354,"date":"2023-09-13T22:02:20","date_gmt":"2023-09-13T22:02:20","guid":{"rendered":"https:\/\/casadelllibre.anamarnatural.com\/index.php\/producto\/additio-cuaderno-notas-para-el-profesorado-planificacion-del-curso-4-meses-vista-evaluacion-continua-papel-ecologico-tamano-a4-espanol-lila\/"},"modified":"2025-06-03T09:00:45","modified_gmt":"2025-06-03T09:00:45","slug":"additio-cuaderno-notas-para-el-profesorado-planificacion-del-curso-4-meses-vista-evaluacion-continua-papel-ecologico-tamano-a4-espanol-lila","status":"publish","type":"product","link":"https:\/\/casadelllibre.anamarnatural.com\/index.php\/producto\/additio-cuaderno-notas-para-el-profesorado-planificacion-del-curso-4-meses-vista-evaluacion-continua-papel-ecologico-tamano-a4-espanol-lila\/","title":{"rendered":"ADDITIO &#8211; Cuaderno Notas para el profesorado | Planificaci\u00f3n del curso (4 meses vista) | Evaluaci\u00f3n continua | Papel ecol\u00f3gico | Tama\u00f1o A4 | Espa\u00f1ol | Lila"},"content":{"rendered":"<p>&#8211; CUADERNO para la evaluaci\u00f3n continua con un planificador de septiembre a junio.<br \/>\n&#8211; CONTENIDO: Horario, planificaci\u00f3n del curso (4 meses vista), evaluaci\u00f3n continua para 8 grupos de 40 alumnos, fotograf\u00eda de los alumnos y calendario de reuniones.<br \/>\n&#8211; INCLUYE: etiquetas autoadhesivas para el listado de alumnos: descarga tu plantilla en additio.com. Calendario 3 a\u00f1os vista.<br \/>\n&#8211; ACABADOS: Funda de PVC con solapa portapapeles para guardar peque\u00f1as notas. Encuadernaci\u00f3n en hilo<br \/>\n&#8211; CUBIERTAS: Protegemos las cubiertas con una funda de PVC (100% reciclable) resistente y perdurable sin p\u00e9rdida de flexibilidad. Esto nos permite no plastificar el papel de las cubiertas, lo que facilita el posterior reciclaje.<br \/>\n&#8211; PAPEL ecol\u00f3gico 80gr\/m2. Nuestro papel es de celulosa virgen, libre de \u00e1cidos, con PH neutro y reciclable. Utilizamos papel con las certificaciones FSC, GREEN RANGE y ECOLABEL.<br \/>\n&#8211; TINTAS: Imprimimos con tintas vegetales.<br \/>\n&#8211; SOSTENIBILIDAD: Todos nuestras agendas y cuadernos incluyen informaci\u00f3n y recomendaciones para el reciclaje correcto despu\u00e9s de su uso. Utilizamos materiales sostenibles y reciclables. Fabricado en Espa\u00f1a.<\/p>\n","protected":false},"excerpt":{"rendered":"<p>&#8211; CUADERNO para la evaluaci\u00f3n continua con un planificador de septiembre a junio. &#8211; CONTENIDO: Horario, planificaci\u00f3n del curso (4 meses vista), evaluaci\u00f3n continua para 8 grupos de 40 alumnos, fotograf\u00eda de los alumnos y calendario de reuniones. &#8211; INCLUYE: etiquetas autoadhesivas para el listado de alumnos: descarga tu plantilla en additio.com. Calendario 3 a\u00f1os [&hellip;]<\/p>\n","protected":false},"featured_media":1353,"comment_status":"open","ping_status":"closed","template":"","meta":[],"product_brand":[],"product_cat":[15],"product_tag":[],"class_list":{"0":"post-1354","1":"product","2":"type-product","3":"status-publish","4":"has-post-thumbnail","6":"product_cat-sin-categorizar","8":"first","9":"instock","10":"taxable","11":"shipping-taxable","12":"product-type-external"},"jetpack_sharing_enabled":true,"_links":{"self":[{"href":"https:\/\/casadelllibre.anamarnatural.com\/index.php\/wp-json\/wp\/v2\/product\/1354","targetHints":{"allow":["GET"]}}],"collection":[{"href":"https:\/\/casadelllibre.anamarnatural.com\/index.php\/wp-json\/wp\/v2\/product"}],"about":[{"href":"https:\/\/casadelllibre.anamarnatural.com\/index.php\/wp-json\/wp\/v2\/types\/product"}],"replies":[{"embeddable":true,"href":"https:\/\/casadelllibre.anamarnatural.com\/index.php\/wp-json\/wp\/v2\/comments?post=1354"}],"wp:featuredmedia":[{"embeddable":true,"href":"https:\/\/casadelllibre.anamarnatural.com\/index.php\/wp-json\/wp\/v2\/media\/1353"}],"wp:attachment":[{"href":"https:\/\/casadelllibre.anamarnatural.com\/index.php\/wp-json\/wp\/v2\/media?parent=1354"}],"wp:term":[{"taxonomy":"product_brand","embeddable":true,"href":"https:\/\/casadelllibre.anamarnatural.com\/index.php\/wp-json\/wp\/v2\/product_brand?post=1354"},{"taxonomy":"product_cat","embeddable":true,"href":"https:\/\/casadelllibre.anamarnatural.com\/index.php\/wp-json\/wp\/v2\/product_cat?post=1354"},{"taxonomy":"product_tag","embeddable":true,"href":"https:\/\/casadelllibre.anamarnatural.com\/index.php\/wp-json\/wp\/v2\/product_tag?post=1354"}],"curies":[{"name":"wp","href":"https:\/\/api.w.org\/{rel}","templated":true}]}}