{"id":1448,"date":"2023-10-07T21:08:08","date_gmt":"2023-10-07T21:08:08","guid":{"rendered":"https:\/\/casadelllibre.anamarnatural.com\/index.php\/producto\/educa-touch-junior-contacontes-en-catala-inclou-els-seguents-contes-la-caputxeta-vermella-laneguet-lleig-el-gat-amb-botes-i-la-blancaneu-a-partir-de-2-anys-16205\/"},"modified":"2024-09-06T13:03:11","modified_gmt":"2024-09-06T13:03:11","slug":"educa-touch-junior-contacontes-en-catala-inclou-els-seguents-contes-la-caputxeta-vermella-laneguet-lleig-el-gat-amb-botes-i-la-blancaneu-a-partir-de-2-anys-16205","status":"publish","type":"product","link":"https:\/\/casadelllibre.anamarnatural.com\/index.php\/producto\/educa-touch-junior-contacontes-en-catala-inclou-els-seguents-contes-la-caputxeta-vermella-laneguet-lleig-el-gat-amb-botes-i-la-blancaneu-a-partir-de-2-anys-16205\/","title":{"rendered":"Educa &#8211; Touch Junior Contacontes en catal\u00e0 | Inclou ELS seg\u00fcents contes: La Caputxeta Vermella, l&#8217;Aneguet lleig, El Gat amb Botes i la Blancaneu | A Partir de 2 anys (16205)"},"content":{"rendered":"<p>&#8211; Inclou els seg\u00fcents contes: la caputxeta vermella, l&#8217;aneguet lleig, el gat amb botes i la blancaneu<br \/>\n&#8211; Caixa i contes exclusivament en idioma catal\u00e0<br \/>\n&#8211; Pantalla t\u00e0ctil Joc t\u00e0ctil<br \/>\n&#8211; Gaudeix dels contes i apr\u00e8n amb les 12 activitats<br \/>\n&#8211; Jocs did\u00e0ctics, m\u00fasica i can\u00e7ons<\/p>\n","protected":false},"excerpt":{"rendered":"<p>&#8211; Inclou els seg\u00fcents contes: la caputxeta vermella, l&#8217;aneguet lleig, el gat amb botes i la blancaneu &#8211; Caixa i contes exclusivament en idioma catal\u00e0 &#8211; Pantalla t\u00e0ctil Joc t\u00e0ctil &#8211; Gaudeix dels contes i apr\u00e8n amb les 12 activitats &#8211; Jocs did\u00e0ctics, m\u00fasica i can\u00e7ons<\/p>\n","protected":false},"featured_media":1447,"comment_status":"open","ping_status":"closed","template":"","meta":[],"product_brand":[],"product_cat":[15],"product_tag":[],"class_list":{"0":"post-1448","1":"product","2":"type-product","3":"status-publish","4":"has-post-thumbnail","6":"product_cat-sin-categorizar","8":"first","9":"instock","10":"taxable","11":"shipping-taxable","12":"product-type-external"},"jetpack_sharing_enabled":true,"_links":{"self":[{"href":"https:\/\/casadelllibre.anamarnatural.com\/index.php\/wp-json\/wp\/v2\/product\/1448","targetHints":{"allow":["GET"]}}],"collection":[{"href":"https:\/\/casadelllibre.anamarnatural.com\/index.php\/wp-json\/wp\/v2\/product"}],"about":[{"href":"https:\/\/casadelllibre.anamarnatural.com\/index.php\/wp-json\/wp\/v2\/types\/product"}],"replies":[{"embeddable":true,"href":"https:\/\/casadelllibre.anamarnatural.com\/index.php\/wp-json\/wp\/v2\/comments?post=1448"}],"wp:featuredmedia":[{"embeddable":true,"href":"https:\/\/casadelllibre.anamarnatural.com\/index.php\/wp-json\/wp\/v2\/media\/1447"}],"wp:attachment":[{"href":"https:\/\/casadelllibre.anamarnatural.com\/index.php\/wp-json\/wp\/v2\/media?parent=1448"}],"wp:term":[{"taxonomy":"product_brand","embeddable":true,"href":"https:\/\/casadelllibre.anamarnatural.com\/index.php\/wp-json\/wp\/v2\/product_brand?post=1448"},{"taxonomy":"product_cat","embeddable":true,"href":"https:\/\/casadelllibre.anamarnatural.com\/index.php\/wp-json\/wp\/v2\/product_cat?post=1448"},{"taxonomy":"product_tag","embeddable":true,"href":"https:\/\/casadelllibre.anamarnatural.com\/index.php\/wp-json\/wp\/v2\/product_tag?post=1448"}],"curies":[{"name":"wp","href":"https:\/\/api.w.org\/{rel}","templated":true}]}}