{"id":2440,"date":"2025-07-22T12:00:41","date_gmt":"2025-07-22T12:00:41","guid":{"rendered":"https:\/\/casadelllibre.anamarnatural.com\/index.php\/producto\/qui-te-un-germa-te-un-tresor-llibre-en-catala-en-lletra-majuscula-per-a-nous-germans-gestionar-larribada-dun-germa-amb-un-joc-de-buscar-i-trobar-inclos\/"},"modified":"2025-07-22T12:00:41","modified_gmt":"2025-07-22T12:00:41","slug":"qui-te-un-germa-te-un-tresor-llibre-en-catala-en-lletra-majuscula-per-a-nous-germans-gestionar-larribada-dun-germa-amb-un-joc-de-buscar-i-trobar-inclos","status":"publish","type":"product","link":"https:\/\/casadelllibre.anamarnatural.com\/index.php\/producto\/qui-te-un-germa-te-un-tresor-llibre-en-catala-en-lletra-majuscula-per-a-nous-germans-gestionar-larribada-dun-germa-amb-un-joc-de-buscar-i-trobar-inclos\/","title":{"rendered":"Qui t\u00e9 un germ\u00e0 t\u00e9 un tresor: Llibre en CATAL\u00c0 en lletra MAJ\u00daSCULA per a nous germans; gestionar l&#8217;arribada d&#8217;un germ\u00e0; amb un joc de buscar i trobar incl\u00f2s"},"content":{"rendered":"","protected":false},"excerpt":{"rendered":"","protected":false},"featured_media":2439,"comment_status":"open","ping_status":"closed","template":"","meta":[],"product_brand":[],"product_cat":[15],"product_tag":[],"class_list":{"0":"post-2440","1":"product","2":"type-product","3":"status-publish","4":"has-post-thumbnail","6":"product_cat-sin-categorizar","8":"first","9":"instock","10":"sale","11":"taxable","12":"shipping-taxable","13":"product-type-external"},"jetpack_sharing_enabled":true,"_links":{"self":[{"href":"https:\/\/casadelllibre.anamarnatural.com\/index.php\/wp-json\/wp\/v2\/product\/2440","targetHints":{"allow":["GET"]}}],"collection":[{"href":"https:\/\/casadelllibre.anamarnatural.com\/index.php\/wp-json\/wp\/v2\/product"}],"about":[{"href":"https:\/\/casadelllibre.anamarnatural.com\/index.php\/wp-json\/wp\/v2\/types\/product"}],"replies":[{"embeddable":true,"href":"https:\/\/casadelllibre.anamarnatural.com\/index.php\/wp-json\/wp\/v2\/comments?post=2440"}],"wp:featuredmedia":[{"embeddable":true,"href":"https:\/\/casadelllibre.anamarnatural.com\/index.php\/wp-json\/wp\/v2\/media\/2439"}],"wp:attachment":[{"href":"https:\/\/casadelllibre.anamarnatural.com\/index.php\/wp-json\/wp\/v2\/media?parent=2440"}],"wp:term":[{"taxonomy":"product_brand","embeddable":true,"href":"https:\/\/casadelllibre.anamarnatural.com\/index.php\/wp-json\/wp\/v2\/product_brand?post=2440"},{"taxonomy":"product_cat","embeddable":true,"href":"https:\/\/casadelllibre.anamarnatural.com\/index.php\/wp-json\/wp\/v2\/product_cat?post=2440"},{"taxonomy":"product_tag","embeddable":true,"href":"https:\/\/casadelllibre.anamarnatural.com\/index.php\/wp-json\/wp\/v2\/product_tag?post=2440"}],"curies":[{"name":"wp","href":"https:\/\/api.w.org\/{rel}","templated":true}]}}