{"id":596,"date":"2023-05-16T09:01:52","date_gmt":"2023-05-16T09:01:52","guid":{"rendered":"https:\/\/casadelllibre.anamarnatural.com\/index.php\/producto\/els-tres-porquets-contes-classics-en-catala-i-rimats-llibres-infantils-per-a-2-anys-1-contes-classics-rimats\/"},"modified":"2025-06-03T14:00:45","modified_gmt":"2025-06-03T14:00:45","slug":"els-tres-porquets-contes-classics-en-catala-i-rimats-llibres-infantils-per-a-2-anys-1-contes-classics-rimats","status":"publish","type":"product","link":"https:\/\/casadelllibre.anamarnatural.com\/index.php\/producto\/els-tres-porquets-contes-classics-en-catala-i-rimats-llibres-infantils-per-a-2-anys-1-contes-classics-rimats\/","title":{"rendered":"Els tres porquets: Contes cl\u00e0ssics en catal\u00e0 i rimats &#8211; Llibres infantils per a 2 anys: 1 (Contes cl\u00e0ssics rimats)"},"content":{"rendered":"","protected":false},"excerpt":{"rendered":"","protected":false},"featured_media":595,"comment_status":"open","ping_status":"closed","template":"","meta":[],"product_brand":[],"product_cat":[15],"product_tag":[],"class_list":{"0":"post-596","1":"product","2":"type-product","3":"status-publish","4":"has-post-thumbnail","6":"product_cat-sin-categorizar","8":"first","9":"instock","10":"sale","11":"taxable","12":"shipping-taxable","13":"product-type-external"},"jetpack_sharing_enabled":true,"_links":{"self":[{"href":"https:\/\/casadelllibre.anamarnatural.com\/index.php\/wp-json\/wp\/v2\/product\/596","targetHints":{"allow":["GET"]}}],"collection":[{"href":"https:\/\/casadelllibre.anamarnatural.com\/index.php\/wp-json\/wp\/v2\/product"}],"about":[{"href":"https:\/\/casadelllibre.anamarnatural.com\/index.php\/wp-json\/wp\/v2\/types\/product"}],"replies":[{"embeddable":true,"href":"https:\/\/casadelllibre.anamarnatural.com\/index.php\/wp-json\/wp\/v2\/comments?post=596"}],"wp:featuredmedia":[{"embeddable":true,"href":"https:\/\/casadelllibre.anamarnatural.com\/index.php\/wp-json\/wp\/v2\/media\/595"}],"wp:attachment":[{"href":"https:\/\/casadelllibre.anamarnatural.com\/index.php\/wp-json\/wp\/v2\/media?parent=596"}],"wp:term":[{"taxonomy":"product_brand","embeddable":true,"href":"https:\/\/casadelllibre.anamarnatural.com\/index.php\/wp-json\/wp\/v2\/product_brand?post=596"},{"taxonomy":"product_cat","embeddable":true,"href":"https:\/\/casadelllibre.anamarnatural.com\/index.php\/wp-json\/wp\/v2\/product_cat?post=596"},{"taxonomy":"product_tag","embeddable":true,"href":"https:\/\/casadelllibre.anamarnatural.com\/index.php\/wp-json\/wp\/v2\/product_tag?post=596"}],"curies":[{"name":"wp","href":"https:\/\/api.w.org\/{rel}","templated":true}]}}