{"id":624,"date":"2023-05-18T18:01:50","date_gmt":"2023-05-18T18:01:50","guid":{"rendered":"https:\/\/casadelllibre.anamarnatural.com\/index.php\/producto\/passos-1-quadern-dexercicis-nivell-basic-1-nivell-basic-curs-de-catala-per-a-no-catalanoparlants\/"},"modified":"2025-06-03T14:00:45","modified_gmt":"2025-06-03T14:00:45","slug":"passos-1-quadern-dexercicis-nivell-basic-1-nivell-basic-curs-de-catala-per-a-no-catalanoparlants","status":"publish","type":"product","link":"https:\/\/casadelllibre.anamarnatural.com\/index.php\/producto\/passos-1-quadern-dexercicis-nivell-basic-1-nivell-basic-curs-de-catala-per-a-no-catalanoparlants\/","title":{"rendered":"Passos 1. Quadern d&#8217;exercicis. Nivell B\u00e0sic 1: Nivell B\u00e0sic.Curs de catal\u00e0 per a no catalanoparlants"},"content":{"rendered":"","protected":false},"excerpt":{"rendered":"","protected":false},"featured_media":623,"comment_status":"open","ping_status":"closed","template":"","meta":[],"product_brand":[],"product_cat":[15],"product_tag":[],"class_list":{"0":"post-624","1":"product","2":"type-product","3":"status-publish","4":"has-post-thumbnail","6":"product_cat-sin-categorizar","8":"first","9":"instock","10":"sale","11":"taxable","12":"shipping-taxable","13":"product-type-external"},"jetpack_sharing_enabled":true,"_links":{"self":[{"href":"https:\/\/casadelllibre.anamarnatural.com\/index.php\/wp-json\/wp\/v2\/product\/624","targetHints":{"allow":["GET"]}}],"collection":[{"href":"https:\/\/casadelllibre.anamarnatural.com\/index.php\/wp-json\/wp\/v2\/product"}],"about":[{"href":"https:\/\/casadelllibre.anamarnatural.com\/index.php\/wp-json\/wp\/v2\/types\/product"}],"replies":[{"embeddable":true,"href":"https:\/\/casadelllibre.anamarnatural.com\/index.php\/wp-json\/wp\/v2\/comments?post=624"}],"wp:featuredmedia":[{"embeddable":true,"href":"https:\/\/casadelllibre.anamarnatural.com\/index.php\/wp-json\/wp\/v2\/media\/623"}],"wp:attachment":[{"href":"https:\/\/casadelllibre.anamarnatural.com\/index.php\/wp-json\/wp\/v2\/media?parent=624"}],"wp:term":[{"taxonomy":"product_brand","embeddable":true,"href":"https:\/\/casadelllibre.anamarnatural.com\/index.php\/wp-json\/wp\/v2\/product_brand?post=624"},{"taxonomy":"product_cat","embeddable":true,"href":"https:\/\/casadelllibre.anamarnatural.com\/index.php\/wp-json\/wp\/v2\/product_cat?post=624"},{"taxonomy":"product_tag","embeddable":true,"href":"https:\/\/casadelllibre.anamarnatural.com\/index.php\/wp-json\/wp\/v2\/product_tag?post=624"}],"curies":[{"name":"wp","href":"https:\/\/api.w.org\/{rel}","templated":true}]}}