{"id":792,"date":"2023-06-11T01:01:47","date_gmt":"2023-06-11T01:01:47","guid":{"rendered":"https:\/\/casadelllibre.anamarnatural.com\/index.php\/producto\/gira-i-troba-colors-llibre-de-cartro-amb-una-rodeta-per-buscar-bebes-animals-de-colors-1\/"},"modified":"2024-09-07T00:03:02","modified_gmt":"2024-09-07T00:03:02","slug":"gira-i-troba-colors-llibre-de-cartro-amb-una-rodeta-per-buscar-bebes-animals-de-colors-1","status":"publish","type":"product","link":"https:\/\/casadelllibre.anamarnatural.com\/index.php\/producto\/gira-i-troba-colors-llibre-de-cartro-amb-una-rodeta-per-buscar-bebes-animals-de-colors-1\/","title":{"rendered":"Gira i troba &#8211; Colors: Llibre de cartr\u00f3 amb una rodeta per buscar beb\u00e8s animals de colors: 1"},"content":{"rendered":"<p>&#8211; Gira i troba &#8211; Colors: Llibre de cartr\u00f3 amb una rodeta per buscar beb\u00e8s animals de colors: 1<\/p>\n","protected":false},"excerpt":{"rendered":"<p>&#8211; Gira i troba &#8211; Colors: Llibre de cartr\u00f3 amb una rodeta per buscar beb\u00e8s animals de colors: 1<\/p>\n","protected":false},"featured_media":791,"comment_status":"open","ping_status":"closed","template":"","meta":[],"product_brand":[],"product_cat":[15],"product_tag":[],"class_list":{"0":"post-792","1":"product","2":"type-product","3":"status-publish","4":"has-post-thumbnail","6":"product_cat-sin-categorizar","8":"first","9":"instock","10":"sale","11":"taxable","12":"shipping-taxable","13":"product-type-external"},"jetpack_sharing_enabled":true,"_links":{"self":[{"href":"https:\/\/casadelllibre.anamarnatural.com\/index.php\/wp-json\/wp\/v2\/product\/792","targetHints":{"allow":["GET"]}}],"collection":[{"href":"https:\/\/casadelllibre.anamarnatural.com\/index.php\/wp-json\/wp\/v2\/product"}],"about":[{"href":"https:\/\/casadelllibre.anamarnatural.com\/index.php\/wp-json\/wp\/v2\/types\/product"}],"replies":[{"embeddable":true,"href":"https:\/\/casadelllibre.anamarnatural.com\/index.php\/wp-json\/wp\/v2\/comments?post=792"}],"wp:featuredmedia":[{"embeddable":true,"href":"https:\/\/casadelllibre.anamarnatural.com\/index.php\/wp-json\/wp\/v2\/media\/791"}],"wp:attachment":[{"href":"https:\/\/casadelllibre.anamarnatural.com\/index.php\/wp-json\/wp\/v2\/media?parent=792"}],"wp:term":[{"taxonomy":"product_brand","embeddable":true,"href":"https:\/\/casadelllibre.anamarnatural.com\/index.php\/wp-json\/wp\/v2\/product_brand?post=792"},{"taxonomy":"product_cat","embeddable":true,"href":"https:\/\/casadelllibre.anamarnatural.com\/index.php\/wp-json\/wp\/v2\/product_cat?post=792"},{"taxonomy":"product_tag","embeddable":true,"href":"https:\/\/casadelllibre.anamarnatural.com\/index.php\/wp-json\/wp\/v2\/product_tag?post=792"}],"curies":[{"name":"wp","href":"https:\/\/api.w.org\/{rel}","templated":true}]}}