{"id":873,"date":"2023-06-22T20:01:07","date_gmt":"2023-06-22T20:01:07","guid":{"rendered":"https:\/\/casadelllibre.anamarnatural.com\/index.php\/producto\/memoria-delefant-1-quadern-dactivitats-per-a-primer-de-primaria-quadern-dactivitats-per-a-nens-de-5-a-6-anys-primer-de-primaria-quadern-quadern-dentreteniment-per-a-les-vacances\/"},"modified":"2024-09-06T14:03:07","modified_gmt":"2024-09-06T14:03:07","slug":"memoria-delefant-1-quadern-dactivitats-per-a-primer-de-primaria-quadern-dactivitats-per-a-nens-de-5-a-6-anys-primer-de-primaria-quadern-quadern-dentreteniment-per-a-les-vacances","status":"publish","type":"product","link":"https:\/\/casadelllibre.anamarnatural.com\/index.php\/producto\/memoria-delefant-1-quadern-dactivitats-per-a-primer-de-primaria-quadern-dactivitats-per-a-nens-de-5-a-6-anys-primer-de-primaria-quadern-quadern-dentreteniment-per-a-les-vacances\/","title":{"rendered":"Mem\u00f2ria D&#8217;elefant 1: Quadern d&#8217;activitats per a primer De Prim\u00e0ria: Quadern d&#8217;activitats per a nens de 5 a 6 anys: primer de prim\u00e0ria: Quadern &#8230; (Quadern d&#8217;entreteniment per a les vacances)"},"content":{"rendered":"","protected":false},"excerpt":{"rendered":"","protected":false},"featured_media":872,"comment_status":"open","ping_status":"closed","template":"","meta":[],"product_brand":[],"product_cat":[15],"product_tag":[],"class_list":{"0":"post-873","1":"product","2":"type-product","3":"status-publish","4":"has-post-thumbnail","6":"product_cat-sin-categorizar","8":"first","9":"instock","10":"taxable","11":"shipping-taxable","12":"product-type-external"},"jetpack_sharing_enabled":true,"_links":{"self":[{"href":"https:\/\/casadelllibre.anamarnatural.com\/index.php\/wp-json\/wp\/v2\/product\/873","targetHints":{"allow":["GET"]}}],"collection":[{"href":"https:\/\/casadelllibre.anamarnatural.com\/index.php\/wp-json\/wp\/v2\/product"}],"about":[{"href":"https:\/\/casadelllibre.anamarnatural.com\/index.php\/wp-json\/wp\/v2\/types\/product"}],"replies":[{"embeddable":true,"href":"https:\/\/casadelllibre.anamarnatural.com\/index.php\/wp-json\/wp\/v2\/comments?post=873"}],"wp:featuredmedia":[{"embeddable":true,"href":"https:\/\/casadelllibre.anamarnatural.com\/index.php\/wp-json\/wp\/v2\/media\/872"}],"wp:attachment":[{"href":"https:\/\/casadelllibre.anamarnatural.com\/index.php\/wp-json\/wp\/v2\/media?parent=873"}],"wp:term":[{"taxonomy":"product_brand","embeddable":true,"href":"https:\/\/casadelllibre.anamarnatural.com\/index.php\/wp-json\/wp\/v2\/product_brand?post=873"},{"taxonomy":"product_cat","embeddable":true,"href":"https:\/\/casadelllibre.anamarnatural.com\/index.php\/wp-json\/wp\/v2\/product_cat?post=873"},{"taxonomy":"product_tag","embeddable":true,"href":"https:\/\/casadelllibre.anamarnatural.com\/index.php\/wp-json\/wp\/v2\/product_tag?post=873"}],"curies":[{"name":"wp","href":"https:\/\/api.w.org\/{rel}","templated":true}]}}

Memòria D&#8217;elefant 1: Quadern d&#8217;activitats per a primer De Primària: Quadern d&#8217;activitats per a nens de 5 a 6 anys: primer de primària: Quadern &#8230; (Quadern d&#8217;entreteniment per a les vacances)
