{"id":931,"date":"2023-06-27T21:00:37","date_gmt":"2023-06-27T21:00:37","guid":{"rendered":"https:\/\/casadelllibre.anamarnatural.com\/index.php\/producto\/i-tu-com-et-sents-avui-llibre-infantil-en-catala-perque-els-nens-i-nenes-descobreixin-les-emocions-a-traves-de-la-musica-amb-codis-qr-que-activen-la-musica-durant-la-lectura-0-a-5-anys\/"},"modified":"2023-11-02T15:05:01","modified_gmt":"2023-11-02T15:05:01","slug":"i-tu-com-et-sents-avui-llibre-infantil-en-catala-perque-els-nens-i-nenes-descobreixin-les-emocions-a-traves-de-la-musica-amb-codis-qr-que-activen-la-musica-durant-la-lectura-0-a-5-anys","status":"publish","type":"product","link":"https:\/\/casadelllibre.anamarnatural.com\/index.php\/producto\/i-tu-com-et-sents-avui-llibre-infantil-en-catala-perque-els-nens-i-nenes-descobreixin-les-emocions-a-traves-de-la-musica-amb-codis-qr-que-activen-la-musica-durant-la-lectura-0-a-5-anys\/","title":{"rendered":"I tu\u2026 Com et sents avui?: Llibre infantil en catal\u00e0 perqu\u00e8 els nens i nenes descobreixin les EMOCIONS a trav\u00e9s de la M\u00daSICA. Amb CODIS QR que activen la m\u00fasica durant la lectura. (0 a 5 anys)"},"content":{"rendered":"","protected":false},"excerpt":{"rendered":"","protected":false},"featured_media":930,"comment_status":"open","ping_status":"closed","template":"","meta":[],"product_brand":[],"product_cat":[15],"product_tag":[],"class_list":{"0":"post-931","1":"product","2":"type-product","3":"status-publish","4":"has-post-thumbnail","6":"product_cat-sin-categorizar","8":"first","9":"instock","10":"taxable","11":"shipping-taxable","12":"product-type-external"},"jetpack_sharing_enabled":true,"_links":{"self":[{"href":"https:\/\/casadelllibre.anamarnatural.com\/index.php\/wp-json\/wp\/v2\/product\/931","targetHints":{"allow":["GET"]}}],"collection":[{"href":"https:\/\/casadelllibre.anamarnatural.com\/index.php\/wp-json\/wp\/v2\/product"}],"about":[{"href":"https:\/\/casadelllibre.anamarnatural.com\/index.php\/wp-json\/wp\/v2\/types\/product"}],"replies":[{"embeddable":true,"href":"https:\/\/casadelllibre.anamarnatural.com\/index.php\/wp-json\/wp\/v2\/comments?post=931"}],"wp:featuredmedia":[{"embeddable":true,"href":"https:\/\/casadelllibre.anamarnatural.com\/index.php\/wp-json\/wp\/v2\/media\/930"}],"wp:attachment":[{"href":"https:\/\/casadelllibre.anamarnatural.com\/index.php\/wp-json\/wp\/v2\/media?parent=931"}],"wp:term":[{"taxonomy":"product_brand","embeddable":true,"href":"https:\/\/casadelllibre.anamarnatural.com\/index.php\/wp-json\/wp\/v2\/product_brand?post=931"},{"taxonomy":"product_cat","embeddable":true,"href":"https:\/\/casadelllibre.anamarnatural.com\/index.php\/wp-json\/wp\/v2\/product_cat?post=931"},{"taxonomy":"product_tag","embeddable":true,"href":"https:\/\/casadelllibre.anamarnatural.com\/index.php\/wp-json\/wp\/v2\/product_tag?post=931"}],"curies":[{"name":"wp","href":"https:\/\/api.w.org\/{rel}","templated":true}]}}

I tu… Com et sents avui?: Llibre infantil en català perquè els nens i nenes descobreixin les EMOCIONS a través de la MÚSICA. Amb CODIS QR que activen la música durant la lectura. (0 a 5 anys)
