{"id":951,"date":"2023-06-30T00:00:55","date_gmt":"2023-06-30T00:00:55","guid":{"rendered":"https:\/\/casadelllibre.anamarnatural.com\/index.php\/producto\/contes-per-a-nadons-xumets-fora-un-conte-per-a-bebes-per-aprendre-a-acomiadar-se-del-xumet-interactiu-amb-una-solapa-i-amb-una-nansa-5-pas-a-pas-aprendras-i-et-divertiras\/"},"modified":"2023-11-06T07:04:08","modified_gmt":"2023-11-06T07:04:08","slug":"contes-per-a-nadons-xumets-fora-un-conte-per-a-bebes-per-aprendre-a-acomiadar-se-del-xumet-interactiu-amb-una-solapa-i-amb-una-nansa-5-pas-a-pas-aprendras-i-et-divertiras","status":"publish","type":"product","link":"https:\/\/casadelllibre.anamarnatural.com\/index.php\/producto\/contes-per-a-nadons-xumets-fora-un-conte-per-a-bebes-per-aprendre-a-acomiadar-se-del-xumet-interactiu-amb-una-solapa-i-amb-una-nansa-5-pas-a-pas-aprendras-i-et-divertiras\/","title":{"rendered":"Contes per a nadons &#8211; Xumets fora: Un conte per a beb\u00e8s per aprendre a acomiadar-se del xumet, interactiu, amb una solapa i amb una nansa: 5 (Pas a pas, aprendr\u00e0s i et divertir\u00e0s)"},"content":{"rendered":"","protected":false},"excerpt":{"rendered":"","protected":false},"featured_media":950,"comment_status":"open","ping_status":"closed","template":"","meta":[],"product_brand":[],"product_cat":[15],"product_tag":[],"class_list":{"0":"post-951","1":"product","2":"type-product","3":"status-publish","4":"has-post-thumbnail","6":"product_cat-sin-categorizar","8":"first","9":"instock","10":"sale","11":"taxable","12":"shipping-taxable","13":"product-type-external"},"jetpack_sharing_enabled":true,"_links":{"self":[{"href":"https:\/\/casadelllibre.anamarnatural.com\/index.php\/wp-json\/wp\/v2\/product\/951","targetHints":{"allow":["GET"]}}],"collection":[{"href":"https:\/\/casadelllibre.anamarnatural.com\/index.php\/wp-json\/wp\/v2\/product"}],"about":[{"href":"https:\/\/casadelllibre.anamarnatural.com\/index.php\/wp-json\/wp\/v2\/types\/product"}],"replies":[{"embeddable":true,"href":"https:\/\/casadelllibre.anamarnatural.com\/index.php\/wp-json\/wp\/v2\/comments?post=951"}],"wp:featuredmedia":[{"embeddable":true,"href":"https:\/\/casadelllibre.anamarnatural.com\/index.php\/wp-json\/wp\/v2\/media\/950"}],"wp:attachment":[{"href":"https:\/\/casadelllibre.anamarnatural.com\/index.php\/wp-json\/wp\/v2\/media?parent=951"}],"wp:term":[{"taxonomy":"product_brand","embeddable":true,"href":"https:\/\/casadelllibre.anamarnatural.com\/index.php\/wp-json\/wp\/v2\/product_brand?post=951"},{"taxonomy":"product_cat","embeddable":true,"href":"https:\/\/casadelllibre.anamarnatural.com\/index.php\/wp-json\/wp\/v2\/product_cat?post=951"},{"taxonomy":"product_tag","embeddable":true,"href":"https:\/\/casadelllibre.anamarnatural.com\/index.php\/wp-json\/wp\/v2\/product_tag?post=951"}],"curies":[{"name":"wp","href":"https:\/\/api.w.org\/{rel}","templated":true}]}}