{"id":963,"date":"2023-07-03T09:00:40","date_gmt":"2023-07-03T09:00:40","guid":{"rendered":"https:\/\/casadelllibre.anamarnatural.com\/index.php\/producto\/la-isadora-moon-i-lencanteri-magic-grans-histories-de-la-isadora-moon-1-un-llibre-magic-amb-purpurina-a-la-coberta-harriet-muncaster\/"},"modified":"2023-11-03T18:04:45","modified_gmt":"2023-11-03T18:04:45","slug":"la-isadora-moon-i-lencanteri-magic-grans-histories-de-la-isadora-moon-1-un-llibre-magic-amb-purpurina-a-la-coberta-harriet-muncaster","status":"publish","type":"product","link":"https:\/\/casadelllibre.anamarnatural.com\/index.php\/producto\/la-isadora-moon-i-lencanteri-magic-grans-histories-de-la-isadora-moon-1-un-llibre-magic-amb-purpurina-a-la-coberta-harriet-muncaster\/","title":{"rendered":"La Isadora Moon i l&#8217;encanteri m\u00e0gic (Grans hist\u00f2ries de la Isadora Moon 1): Un llibre m\u00e0gic amb purpurina a la coberta! (Harriet Muncaster)"},"content":{"rendered":"","protected":false},"excerpt":{"rendered":"","protected":false},"featured_media":962,"comment_status":"open","ping_status":"closed","template":"","meta":[],"product_brand":[],"product_cat":[15],"product_tag":[],"class_list":{"0":"post-963","1":"product","2":"type-product","3":"status-publish","4":"has-post-thumbnail","6":"product_cat-sin-categorizar","8":"first","9":"instock","10":"sale","11":"taxable","12":"shipping-taxable","13":"product-type-external"},"jetpack_sharing_enabled":true,"_links":{"self":[{"href":"https:\/\/casadelllibre.anamarnatural.com\/index.php\/wp-json\/wp\/v2\/product\/963","targetHints":{"allow":["GET"]}}],"collection":[{"href":"https:\/\/casadelllibre.anamarnatural.com\/index.php\/wp-json\/wp\/v2\/product"}],"about":[{"href":"https:\/\/casadelllibre.anamarnatural.com\/index.php\/wp-json\/wp\/v2\/types\/product"}],"replies":[{"embeddable":true,"href":"https:\/\/casadelllibre.anamarnatural.com\/index.php\/wp-json\/wp\/v2\/comments?post=963"}],"wp:featuredmedia":[{"embeddable":true,"href":"https:\/\/casadelllibre.anamarnatural.com\/index.php\/wp-json\/wp\/v2\/media\/962"}],"wp:attachment":[{"href":"https:\/\/casadelllibre.anamarnatural.com\/index.php\/wp-json\/wp\/v2\/media?parent=963"}],"wp:term":[{"taxonomy":"product_brand","embeddable":true,"href":"https:\/\/casadelllibre.anamarnatural.com\/index.php\/wp-json\/wp\/v2\/product_brand?post=963"},{"taxonomy":"product_cat","embeddable":true,"href":"https:\/\/casadelllibre.anamarnatural.com\/index.php\/wp-json\/wp\/v2\/product_cat?post=963"},{"taxonomy":"product_tag","embeddable":true,"href":"https:\/\/casadelllibre.anamarnatural.com\/index.php\/wp-json\/wp\/v2\/product_tag?post=963"}],"curies":[{"name":"wp","href":"https:\/\/api.w.org\/{rel}","templated":true}]}}